 Let b(f) = f**2 + 5*f. Let z be b(-5). Suppose 5 = v*k, r - 3*k - 2 + z = 0. What is the units digit of r?
5
Suppose 0 = 2*g + 2*q - 2000, 0 = -3*q + 5*q. Suppose 3*n + g = 4*t, -t + 3*n + 257 = 4*n. What is the hundreds digit of t?
2
What is the hundreds digit of 2 - -4784 - 0*10/90?
7
Suppose m + 2*m - 67 = -b, -5*m + 105 = 3*b. Let g = 32 - m. What is the units digit of g?
8
Let v be 2 + 3/(9/3). Suppose -36 = -4*a + c, v*c - 27 = 3*a - 6*a. What is the units digit of a?
9
Let r = 4 - -1. Suppose 0*b - 365 = -r*b. What is the tens digit of b?
7
Suppose 0 = g + 3*g - 64. Suppose 3*n + 10 = 37. Let w = g - n. What is the units digit of w?
7
Suppose -s - 26 = -0. Let k = 122 + s. What is the units digit of k?
6
Let a = -4346 + 6605. What is the hundreds digit of a?
2
Suppose 45 = -0*d - 3*d. Let z = d - -89. What is the units digit of z?
4
Suppose 5*v = 4*x - 692, -2*x - 3*x = -5*v - 870. What is the units digit of x?
8
Let x = 5849 + -3529. What is the units digit of x?
0
Suppose 2*q - 4*b = 86, -b + 5*b = -20. Suppose 5*k = -v - 42, 4*k - v - q = 8*k. Let m(o) = -o**2 - 11*o + 11. What is the units digit of m(k)?
9
Let k be (-6)/3 + (-5)/(20/(-12)). What is the tens digit of (-2 + 80)*k/1?
7
Let p = 69 - 49. Suppose n + 4*z - 25 = 0, -4*z = -0*z - p. Suppose q = 3*q - n*g - 2, -2*q = 3*g - 18. What is the units digit of q?
6
Suppose 10*u = -10*u + 56640. What is the thousands digit of u?
2
Let x(y) = 6*y**3 - 2*y**2 - 5*y. Let b(o) = -7*o**3 + 3*o**2 + 6*o + 1. Let g(h) = -3*b(h) - 4*x(h). What is the units digit of g(-3)?
3
Let q(a) = a**3 + a**2. Let z(r) = -6*r**3 - 8*r**2 - 7*r - 7. Let j(n) = 5*q(n) + z(n). What is the units digit of j(-4)?
7
Let z(d) be the second derivative of 2*d**3/3 + d**2/2 + 7*d. Let f be z(9). Let w = -15 + f. What is the units digit of w?
2
Let w(j) = 28*j + 4. Suppose -2*u = -3*u + 1. What is the units digit of w(u)?
2
Suppose 0 = 5*p - 5*w - 5, -2*p - p - 5*w = -19. Suppose 4 - 6 = -2*a, a = p*b - 197. What is the units digit of b?
6
Let y(q) = -11*q - 9. Let v be y(-1). Let u(d) = d**3 + 5*d**2 + 5. Let g be u(-5). Suppose 0*h + 98 = v*h + g*r, -8 = -4*r. What is the units digit of h?
4
Let i(q) = q**3 + 6*q**2 + 5*q + 2. Let p be i(-5). Suppose 0 = -4*z - p - 2. What is the tens digit of 2 + (-33)/(3/z)?
1
Let u = -11 + 12. Let y = u + -11. Let x(j) = j**2 + 9*j - 8. What is the units digit of x(y)?
2
Suppose 23*k = 25210 - 6304. What is the units digit of k?
2
Let q(g) = -23*g**3 + 4*g**2 - 7*g - 36. What is the thousands digit of q(-4)?
1
Suppose -5*q + 64 = -4*m - 33, 4*m = 4*q - 92. Let l = m + 23. Suppose -4*w - l*y + 73 = 0, -36 = -2*w + 2*y - 4*y. What is the units digit of w?
7
Suppose -7*r = -0*r + 14. What is the units digit of (-3)/9*90/r?
5
Suppose 4*v = 5*z - 2742, 0*z - 4*v + 1658 = 3*z. What is the hundreds digit of z?
5
Suppose -5*s + 6056 + 1134 = 0. What is the thousands digit of s?
1
Let v(o) = -o**2 - 13*o - 9. Let p be v(-12). Suppose -53 + 386 = 4*x + p*a, 331 = 4*x + 5*a. What is the units digit of x?
4
Let g(u) = u - 3. Let i(s) = -s. Let h be i(3). Let j = h - -10. What is the units digit of g(j)?
4
Let o be 0 - (0 + (-2)/3)*6. Suppose v = -u + 136, -4*u + v = 2*v - 532. Suppose o*f - f = u. What is the tens digit of f?
4
Suppose -6*u + 76 = -20. Let n = u - 11. Suppose i + 172 = 5*l - 3*i, n*l + i - 157 = 0. What is the units digit of l?
2
Let p = -23 + 26. Suppose -p - 8 = -h. Suppose -16*g + 275 = -h*g. What is the units digit of g?
5
Suppose -170 = -9*z + 7*z. Let b = 11 + z. What is the units digit of b?
6
Suppose -2*z + 564 = -3*v, -138 = -4*z - v + 962. What is the units digit of z?
6
Let r = -8 - 2. Let z(j) = -3 + 5 + 3 - j + 0*j. What is the units digit of z(r)?
5
Let r = 343 - 203. Suppose 0 = -w - 3*w + r. What is the units digit of w?
5
Suppose l = 2*k - 3 + 1, -46 = 3*l + 4*k. Let p = 24 + l. Let h = p - -9. What is the tens digit of h?
2
Suppose -k + u + 9 = 0, 3*k + 4*u = 52 + 10. What is the tens digit of (-74)/(-14) - 5 - (-192)/k?
1
Let j be (-2)/(4 - (-56)/(-12)). Let v(s) = s**3 - 4*s**2 + 6. Let m be v(j). Let c = m - -7. What is the units digit of c?
4
Let p be (3 - 3)*4/8. Suppose p*b = -4*b - 24. What is the tens digit of 3*(-94)/b - -3?
5
Suppose 6*l - 84 = -0*l. Let j = 0 + l. What is the units digit of j?
4
Suppose -x + 0*x - 24 = -4*c, 5*c - 15 = 5*x. Let s = -4 + c. Suppose 0 = 3*t + 3*l - 136 + 19, 129 = s*t - 3*l. What is the tens digit of t?
4
Let k = 81 + -43. Suppose 4*m - 5*s + 18 = 0, -4*m - 2*s - 3*s = k. What is the tens digit of (-130)/35*m*1?
2
Suppose 0 = -5*b + 5*p + 1455, -b + 0*p = -5*p - 299. Suppose -5*t - 4*v = -b - 141, 0 = t - 5*v - 115. What is the units digit of t?
0
Suppose 4*q + 2*p - 648 = 0, -q + 168 = 4*p - 2*p. Suppose 0*k = -8*k - q. Let v = k + 41. What is the tens digit of v?
2
Let b(j) be the third derivative of -11*j**4/24 - 7*j**3/3 - 27*j**2. What is the units digit of b(-7)?
3
Let x = -12 - -14. Suppose 294 = s + x*s. Suppose -3*h = -5*d - s, 2*h - 59 = d - 3. What is the tens digit of h?
2
Suppose 22*f = 4*f + 8838. Let z = f + -245. What is the hundreds digit of z?
2
What is the hundreds digit of 39070/55 + (-44)/121?
7
Let f(z) = -2*z**2 + 131*z + 5. What is the tens digit of f(44)?
9
Let o = -5 + -48. Let c = o - -119. What is the units digit of c?
6
Suppose 8 = -x + 3*x - o, 4*o + 23 = 5*x. Suppose -6*f + x*u = -2*f - 1456, -u + 1801 = 5*f. Suppose 6*j - 5 - f = 0. What is the tens digit of j?
6
Let u(v) = -383*v + 129. What is the hundreds digit of u(-6)?
4
Let z(d) = d**3. Let t be z(1). Suppose 4*q + 8 = -j, -j = -4*q + t - 9. What is the units digit of q/(-5) - (-98)/5?
0
Suppose 7*m - 3*m = 20. Let q(r) = r**3 - 5*r**2 + 3*r - 9. Let y be q(m). Suppose -3*d = -0*d + y, 3*d + 70 = 4*a. What is the tens digit of a?
1
Let y = -6 + 8. Suppose 4*f = 3*l + y + 1, 2*f + 3 = 3*l. What is the units digit of -3 + 3 + f + 28?
1
Suppose 4 = -z, -5*f + 7507 = -56*z + 58*z. What is the hundreds digit of f?
5
Let b = 19 - 20. Let z be 5 - (3 + b + 2). Suppose -2*x + x - z = 3*t, -x = -2*t - 14. What is the units digit of x?
8
Let v(p) = p**3 - 5*p**2 + 4*p + 3. Let r be v(4). Suppose 5*s = r*s. Suppose 3*u + s*u - 64 = -o, -2*u = -2*o + 152. What is the tens digit of o?
7
Let t(n) be the third derivative of -n**5/20 + n**4/24 - n**3/3 + 7*n**2. Let i be t(1). What is the units digit of (2*39 + i)/1?
4
Let i = -261 - -504. What is the units digit of i?
3
Let s(h) = -2*h + 10. Let g be s(-19). Let i = g - -85. What is the tens digit of i?
3
Suppose -19*k = -18*k - 75. Suppose 6*n - k = 135. What is the units digit of n?
5
Suppose -5*f + 14 + 36 = 5*h, 0 = -5*f - 3*h + 40. Suppose 4*z - 2 = 2, -f*u = -3*z - 32. Let m = u + 17. What is the tens digit of m?
2
Let y be 6 + 2*(0 - 1). Suppose s + 4*h = 65, 5*s - y*h - 345 = -116. Suppose 3*l = -i + 50, -5*i + 229 = l - s. What is the units digit of i?
6
Let u(a) = a**2 - 15*a + 2. Suppose 3*f - 5 = 7, -4*z + 4*f = -44. What is the units digit of u(z)?
2
Suppose 44*x = 47*x - 1431. What is the units digit of x?
7
Suppose -a + 3*a + 3*t + 26 = 0, 2*a + 30 = -5*t. Let b = a + 20. What is the tens digit of b?
1
What is the tens digit of (12/(-34))/3 + (-59706)/(-306)?
9
Suppose -u = 3*p - 2524, -13*p = 4*u - 11*p - 10146. What is the hundreds digit of u?
5
Suppose 2*a - 2 = 2. Suppose o = -a - 4. Let x(v) = v**2 - 3*v - 4. What is the tens digit of x(o)?
5
Suppose 5*k - c + 17 = 0, k + 0 = c - 1. What is the units digit of (-238)/k - (-18)/36?
0
Let r(l) be the first derivative of -l**3/3 - l**2/2 + 14*l + 5. Let a = 2 + -2. What is the tens digit of r(a)?
1
Let w(h) = -7*h - 7. Suppose 0*b = 5*b + 40. What is the units digit of w(b)?
9
Suppose -344 = 5*w - 4*g, 0 = 4*w - 2*w - 5*g + 141. Let h = w + 185. What is the units digit of h?
7
What is the thousands digit of 39*19/(-114)*(-541 + 1)?
3
Suppose -2*h + 8 = 2*h. Suppose r - 14 = b, -r + h*b + 26 = 4*b. Suppose -v + 18 + r = 0. What is the tens digit of v?
3
Let d(z) = z**3 + 12*z**2 + 11*z + 15. Let k be (-210)/55 - 4/22. Let a = k - 7. What is the tens digit of d(a)?
1
Let j(m) = -3*m**3 - 4*m**2 - 4*m - 4. Let u be j(-2). Let h = u + 53. What is the tens digit of h?
6
Let u be (-1*3)/((-24)/(-2320)). What is the units di